 (-9 - -5) - -6
-8
5 + 0 + (-9 - 0)
-4
What is the value of (1 - 3) + 3 - (-2 + -1)?
4
What is 5 - 2 - (47 - 45)?
1
Evaluate 5 + 1 + (2 - 5).
3
What is the value of 2 + -2 + -2 - (2 + 0)?
-4
What is the value of (-2 - -1) + 5 + -8?
-4
Evaluate -3 - -5 - 1 - 0.
1
What is 12 + -30 + 8 - -17?
7
1 + 3 + (5 - 20 - -5)
-6
-1 - -1 - (-3 + 1) - -3
5
Evaluate 3 + -6 + 1 - -7.
5
Calculate 1 + (1 - 1 - -3 - 0).
4
Calculate 11 - ((-1 - 8) + 13).
7
Evaluate 3 + -5 + 0 - (-1 - 3).
2
Evaluate -5 + 16 + -17 + 8.
2
What is the value of (0 - -2) + -8 + 4?
-2
-3 - (-4 + (-1 - 1))
3
Evaluate -4 + -5 + (5 - -1).
-3
Evaluate 1 + 5 + 76 + -76.
6
What is the value of 0 - (0 + 2) - (-4 - 1)?
3
What is 2 - (11 + -12 + (3 - 1))?
1
What is the value of 14 + (1 - (5 + 0)) - 3?
7
Evaluate (-5 - -2) + 4 + (-2 - 3).
-4
What is 8 + -5 + 0 + 6 + -3?
6
-8 + 7 + (-4 - (-13 - -3))
5
What is the value of 12 + (-11 - -3) + 1?
5
What is the value of 5 + (-2 - (6 + -2))?
-1
Calculate 23 + -25 + (8 - (2 - 1)).
5
What is -4 + 10 + -1 + -9?
-4
Evaluate 6 - (1 + -4 + 11).
-2
Evaluate -2 + 7 + (-7 - -7).
5
What is the value of 2 - (-1 + 1 + 0)?
2
Calculate 4 + (-1 - 5) + (0 - 2).
-4
0 - 8 - (-37 + 32)
-3
Calculate -3 + 2 + 2 - -3.
4
What is 4 + -5 + (8 - 7) + -4?
-4
Calculate -4 + 11 - 1 - 4 - 5.
-3
-3 - (6 + -2 + -4)
-3
Calculate 9 - (-9 - -15 - (2 + 0)).
5
Calculate 3 - (5 + (-2 - 0)) - -1.
1
What is the value of 0 + (-3 + 1 - -3) + -6?
-5
Calculate 8 + -9 + (0 - 0) - -2.
1
-6 + -1 + (4 - (1 - 0))
-4
-4 - (-1 + -1 + -1 - -3)
-4
Evaluate 4 + 2 + -1 + -1 + -3.
1
Calculate 8 + -15 - 1 - (-4 - -2).
-6
13 - (4 - (6 - 8))
7
Evaluate 0 - (-1 - -1) - (87 - 87).
0
-4 + (-1 - (-5 + (0 - -3)))
-3
12 - 4 - (25 + -10)
-7
What is 3 - (-1 - -8 - 3) - -6?
5
(-6 - (-2 - 2)) + -3
-5
Calculate 9 - (-8 + 0 + 13).
4
Evaluate 7 + (-21 - ((-3 - 4) + 0)).
-7
Evaluate -2 + (2 + -1 + 0 - 3).
-4
What is the value of 1 - 0 - (-10 + 7)?
4
What is the value of -4 + (1 - ((-4 - -2) + 4))?
-5
What is the value of -10 - (-11 + 13 + -16)?
4
What is the value of -4 - ((-10 - -6) + -2)?
2
Calculate 2 - (8 - 4) - -5 - -2.
5
8 - (4 - 3) - 0
7
Evaluate (-9 - (-5 - -4)) + 8.
0
What is -8 - (-2 + (-2 + -1 - -5))?
-8
What is the value of -4 - (-12 + 10 + -2 + 6)?
-6
-7 - -2 - (-11 + 3)
3
-4 - (-7 + 2 + -3)
4
What is 16 - (15 + -8) - 15?
-6
Calculate 4 - (-2 + 21 + -10).
-5
Calculate -13 + 7 - (-2 + 3).
-7
What is -14 + (7 - -1) + 8?
2
1 + -4 - (0 + 0 + 0)
-3
(2 - (1 - 1)) + 1
3
What is -13 + 25 + -12 + (5 - 0)?
5
(0 - (-2 + 3 - 6)) + 2
7
What is the value of 1 + -1 - (4 + -2)?
-2
Evaluate (-14 - 8 - -16) + (10 - -2).
6
What is the value of -14 + (11 - 5) - -4?
-4
What is the value of (7 - 7) + 6 + 2 - -2?
10
Calculate (8 - 10) + (6 + -2 - 1).
1
Calculate (19 - 21) + -5 + 2.
-5
What is 11 + (-3 - -4 - 5) - 3?
4
Calculate 3 + -4 + 3 + 1 + -3.
0
What is the value of 5 - ((-2 - -4) + -1 + -1)?
5
What is the value of -9 - (-5 + (-4 - -7))?
-7
Evaluate (-4 - -3) + -2 + 8 + -2.
3
-1 - 0 - (-3 - (2 + -2))
2
1 - (-8 + 9) - (-3 + 7)
-4
What is 10 + -2 + 8 + -6 - 6?
4
Evaluate (7 - 4 - 5) + 5.
3
-1 - 6 - (-11 + -4)
8
Evaluate (-3 - (2 - 2)) + 1 + 7.
5
What is the value of -3 + 5 + -1 + 3?
4
Calculate 1 + -4 - 1 - -2.
-2
Calculate (-2 - -1 - -1) + (3 - 8).
-5
What is 2 - 8 - (-1 - -4 - 8)?
-1
What is the value of 8 + -2 - (3 + 2 + -1)?
2
What is 1 + 4 - 2 - -1?
4
Calculate 0 + -1 + (-7 - -16) + 1.
9
What is the value of 0 + 1 - (-33 - -33)?
1
Evaluate 2 + -7 + 22 + -19.
-2
Calculate 3 + -9 - 0 - 0 - -2.
-4
-1 - ((-5 - -4) + 1 + 1)
-2
Calculate 140 - 148 - (1 + -2 - 0).
-7
Calculate 1 - -4 - (2 - -1).
2
What is -1 + (-19 - -22) + 0 + 7?
9
Evaluate -3 + 0 + (5 - 2 - 0).
0
-1 + (4 + -3 - 3) - -2
-1
What is the value of 1 - (-3 - 1 - -4)?
1
Calculate 2 + 3 + 0 + -1.
4
Evaluate -4 - (-4 - (3 + (-3 - 0))).
0
1 - 2 - (4 - (20 - 21))
-6
-1 + 5 + (-1 - -2)
5
Calculate -12 - (-3 + 3 + -3 + -3).
-6
1 + -9 + 2 - -2
-4
Evaluate 3 + -1 + -10 + 4.
-4
What is the value of -1 - (-5 - (3 - -1 - 5))?
3
What is 0 + -3 + (-4 - -4) + 4?
1
Calculate 6 + 1 - (22 - 15).
0
-19 + 9 - -1 - -17
8
What is (1 - 0) + 6 + (-233 - -228)?
2
What is (-1 - (-2 + 1)) + -4?
-4
1 + -2 + -2 - -9
6
Calculate -34 + 37 + (-6 - (1 - 1)).
-3
(16 - 11) + -11 + 0 + 1
-5
4 + (1 - (3 + 1))
1
What is 1 + (6 - (4 + 0 + -1))?
4
(-1 - -13) + (-32 - -27)
7
Calculate 6 + (4 + -10 - (-4 - 1)).
5
0 - 11 - -15 - 1
3
What is the value of -5 + 0 + (-1 - (-1 + -5))?
0
Calculate -10 + 15 + (-6 - 0).
-1
Evaluate (-29 - -31) + (-1 - (0 + 1)).
0
Calculate 3 + -1 + (-22 - -13) + 9.
2
What is the value of 3 + 6 + (-5 - -1)?
5
Calculate -21 + 30 - (4 - 1).
6
-2 - (2 + (-3 - -1)) - 5
-7
Calculate -11 + 4 - (-15 - -1).
7
Evaluate (2 - 1) + 1 + -2 + -2.
-2
What is 1 + 5 + -9 + (-2 - -5)?
0
What is -2 + 3 + -9 + 4 + 4?
0
Evaluate -5 - ((4 - 2) + -4 + -3).
0
What is -11 + -7 - -2 - -9?
-7
What is the value of (-10 - -2) + (-12 - -10) + 7?
-3
What is the value of -7 + (5 - 1) - -3?
0
What is -2 + 4 - (-2 - -2)?
2
Calculate -4 - -1 - (15 + -18).
0
Evaluate 4 + -4 + (-1 - -1) + 0.
0
What is the value of -2 - (-3 + -10 - -11)?
0
What is the value of (3 - (-5 - (-1 - 2))) + -10?
-5
5 - ((5 - 6) + 11)
-5
What is 7 + -10 + 5 + -1 + 1?
2
-13 + 4 + 14 + (0 - 0)
5
Calculate 5 + (1 - 4 - 7).
-5
What is the value of (1 - -1 - 3) + (2 - -2)?
3
What is the value of -8 - (-11 + (10 - 5))?
-2
Calculate 1 - 1 - (-8 - -4).
4
Calculate (2 - 10) + 15 - 4.
3
What is 0 - (4 - (-6 + 5 + 2))?
-3
What is 5 - 1 - (25 + -26)?
5
What is the value of (45 - 46) + (-3 - 0)?
-4
-3 - 3 - (-7 + 10) - -2
-7
0 - (-3 - 1 - -6)
-2
What is the value of -3 + 8 - (-8 - (-4 - 6))?
3
Evaluate (2 - 1) + -3 - -6.
4
Calculate -2 - (5 + -12) - 4.
1
Calculate (6 + -4 - (3 + 4)) + 10.
5
What is 6 + -2 + 3 + -2?
5
What is the value of -5 + 5 - -2 - -1?
3
What is the value of (-9 - -13) + -5 - (1 + -8)?
6
Calculate -7 - (12 - 15 - -5).
-9
What is (3 - (0 + 8)) + 7?
2
-16 - 1 - (-35 + 26)
-8
What is the value of 10 + (-6 - -2) + -4?
2
Calculate -4 + -2 + 5 - 3.
-4
Evaluate -4 - (-1 + 0 + -12 + 9).
0
What is the value of -3 + 2 - (4 + -2)?
-3
Evaluate 3 - 0 - (-3 + -3 - -5).
4
Evaluate -9 + (2 - -6) + -3.
-4
What is the value of (3 - 3 - -5) + (-20 - -13)?
-2
Calculate -8 - (-7 + (0 - 0) + 6).
-7
10 + -5 + 0 + -2 + 0
3
-5 + 7 + -6 + 5 + -3
-2
4 + -3 + -2 + -3 + 8
4
What is the value of -1 - ((3 - 3) + 4)?
-5
What is 3 + -6 + -5 + -2 + 1?
-9
Calculate (1 - 1) + 1 + 1.
2
Calculate 2 + 3 - (6 - 3).
2
Calculate 1 - 5 - (1 - 5) - -2.
2
3 - (0 + -2 + (-3 - -7))
1
What is -8 + -3 + 3 - (2 - 8)?
-2
Evaluate 1 + (2 - (4 - 5)).
4
Evaluate (0 - (-1 + 3 - -4)) + 1.
-5
4 + -4 + (3 - -1)
4
What is (8 - 2 - 4) + 4 + -1?
5
Evaluate 2 + (-7 - -8 - 3).
0
-2 + 2 + 43 + -41
2
What is -4 - (2 + -10 - -4) - 2?
-2
What is (5 - -7) + (-4 - (-1 + 1))?
8
Evaluate -3 + -1 - (-2 - -1).
-3
Evaluate (3 - 2 - -6) + 0 - 5.
2
What is 0 + (1 - -6) + -11?
-4
What is the value of -14 - (-4 - (5 + -5) - 4)?
-6
-1 + -2 - (-5 + (-1 - -2))
1
What is -98 + 86 - (-9 + 1)?
-4
4 + -1 - (-7 - -6 - -7)
-3
10 + (7 - (10 + -2))
9
What is the value of (-19 - -7) + 8 + 3 + -5?
-6
What is the value of -12 + 7 - -4 - (3 + -1)?
-3
4 + (8 - (-6 + 5)) + -7
6
What is the value of 1 + -4 + 8 + 1 - 4?
2
Calculate 4 + -5 - (-1 + 5).
-5
What is the value of (0 - -1) + (-4 - -2 - -1)?
0
Calculate (-12 - -10) + 4 + -1.
1
What is -2 + (6 - (4 - 2))?
2
10 - 12 - (0 + -11 - 1)
10
What is (3 - (0 + 4)) + -1 + -3?
-5
What is 4 + 3 + -10 + 7 + -8?
-4
0 + (-1 - -3) + -3 - 2
-3
What is the value of 5 + -5 + -3 + 10?
7
-7 - (0 - 1 - (1 - -1))
-4
What is -2 - (-6 + 3) - -2?
3
Evaluate 6 + -9 + 3 + -8.
-8
Evaluate (-1 - -4 - 10) + 5 - -4.
2
What is 2 + 10 + -1 - 5 - 2?
4
Calculate 2 + -3 - -9 - (2 + 1).
5
Evaluate (-3 + 0 - (-2 + -4)) + 4.
7
Evaluate -1 - (6 - (6 - -2)).
1
Evaluate (-5 - (-2 - 6)) + 1.
4
What is -7 + (-2 - (6 + -17))?
2
Evaluate -2 + (-2 - -3) + 7.
6
Calculate -19 - -39 - 13 - (-1 + 0).
8
Calculate -2 + 1 - (-15 - -11).
3
Calculate -2 + (-3 - 0 - -9).
4
Calculate 14 + -14 - -7 - (7 + -2).
2
What is the value of 0 + 11 + -6 + 1?
6
What is the value of -1 + (14 + -4 - 5)?
4
What is -2 + -4 + -19 + 28?
3
What is the value of -13 - -1 - (-33 + 25)?
-4
Calculate (-3 - -6) + 1 - 4.
0
Evaluate (-19 - -4 - -6 - -6) + 6.
3